7961?
6
What is the hundred thousands digit of 751309?
7
What is the ten thousands digit of 7188500?
8
What is the hundred thousands digit of 215464?
2
What is the millions digit of 33930294?
3
What is the hundreds digit of 22992820?
8
What is the thousands digit of 31594?
1
What is the thousands digit of 178890?
8
What is the ten thousands digit of 232126?
3
What is the units digit of 41475?
5
What is the thousands digit of 2309269?
9
What is the thousands digit of 202497?
2
What is the units digit of 1626904?
4
What is the units digit of 1075094?
4
What is the thousands digit of 12110261?
0
What is the ten thousands digit of 112393?
1
What is the thousands digit of 2111329?
1
What is the tens digit of 483255?
5
What is the hundred thousands digit of 4119031?
1
What is the thousands digit of 1963828?
3
What is the ten thousands digit of 12601034?
0
What is the thousands digit of 389541?
9
What is the hundred thousands digit of 633071?
6
What is the thousands digit of 4275212?
5
What is the thousands digit of 18883749?
3
What is the millions digit of 7119108?
7
What is the tens digit of 6569790?
9
What is the tens digit of 10000593?
9
What is the units digit of 6930?
0
What is the units digit of 500020?
0
What is the hundred thousands digit of 9235293?
2
What is the hundred thousands digit of 209144?
2
What is the thousands digit of 161408?
1
What is the tens digit of 25274?
7
What is the units digit of 616453?
3
What is the millions digit of 1723703?
1
What is the thousands digit of 1284369?
4
What is the hundreds digit of 8520671?
6
What is the tens digit of 5593076?
7
What is the hundreds digit of 6611237?
2
What is the units digit of 12195367?
7
What is the tens digit of 705838?
3
What is the hundred thousands digit of 11014588?
0
What is the hundreds digit of 1609826?
8
What is the hundreds digit of 1478825?
8
What is the hundred thousands digit of 9717261?
7
What is the millions digit of 2706212?
2
What is the hundred thousands digit of 662187?
6
What is the millions digit of 2893304?
2
What is the thousands digit of 45936?
5
What is the hundreds digit of 379701?
7
What is the millions digit of 4483914?
4
What is the thousands digit of 6047934?
7
What is the hundred thousands digit of 1058360?
0
What is the hundreds digit of 180737?
7
What is the ten thousands digit of 525366?
2
What is the hundred thousands digit of 203634?
2
What is the ten thousands digit of 504731?
0
What is the hundreds digit of 24990388?
3
What is the units digit of 379424?
4
What is the tens digit of 26650865?
6
What is the hundreds digit of 1628077?
0
What is the thousands digit of 269430?
9
What is the millions digit of 6375983?
6
What is the tens digit of 22060?
6
What is the units digit of 1745567?
7
What is the tens digit of 134092?
9
What is the units digit of 34464?
4
What is the hundreds digit of 17354204?
2
What is the hundreds digit of 341679?
6
What is the thousands digit of 176845?
6
What is the thousands digit of 906734?
6
What is the ten thousands digit of 140063?
4
What is the hundreds digit of 722111?
1
What is the units digit of 574440?
0
What is the ten thousands digit of 309585?
0
What is the thousands digit of 786443?
6
What is the millions digit of 1515135?
1
What is the tens digit of 375792?
9
What is the tens digit of 7013124?
2
What is the hundred thousands digit of 2274932?
2
What is the ten thousands digit of 9200331?
0
What is the ten thousands digit of 471368?
7
What is the hundreds digit of 264115?
1
What is the hundreds digit of 2338240?
2
What is the hundreds digit of 2457688?
6
What is the hundreds digit of 28449933?
9
What is the hundreds digit of 10714026?
0
What is the ten thousands digit of 416628?
1
What is the millions digit of 3676111?
3
What is the units digit of 2029017?
7
What is the millions digit of 2415407?
2
What is the ten thousands digit of 26685212?
8
What is the units digit of 233513?
3
What is the thousands digit of 160441?
0
What is the hundreds digit of 1368976?
9
What is the hundred thousands digit of 1475091?
4
What is the tens digit of 5836434?
3
What is the units digit of 27166?
6
What is the units digit of 83796?
6
What is the thousands digit of 384727?
4
What is the millions digit of 27395391?
7
What is the hundred thousands digit of 22799596?
7
What is the units digit of 8917113?
3
What is the hundreds digit of 247049?
0
What is the units digit of 1425638?
8
What is the hundreds digit of 40743663?
6
What is the tens digit of 1266802?
0
What is the hundred thousands digit of 179290?
1
What is the units digit of 10309795?
5
What is the tens digit of 250477?
7
What is the millions digit of 14160302?
4
What is the hundreds digit of 149564?
5
What is the ten thousands digit of 9097809?
9
What is the units digit of 1196686?
6
What is the hundred thousands digit of 5261707?
2
What is the hundred thousands digit of 1187162?
1
What is the thousands digit of 1387205?
7
What is the ten thousands digit of 2656005?
5
What is the thousands digit of 938383?
8
What is the units digit of 971970?
0
What is the hundred thousands digit of 280399?
2
What is the units digit of 30476638?
8
What is the units digit of 716405?
5
What is the tens digit of 3471509?
0
What is the ten thousands digit of 2339072?
3
What is the hundred thousands digit of 11453997?
4
What is the hundred thousands digit of 231184?
2
What is the ten thousands digit of 320134?
2
What is the hundred thousands digit of 258452?
2
What is the units digit of 1420922?
2
What is the thousands digit of 12629627?
9
What is the hundreds digit of 868001?
0
What is the tens digit of 2439047?
4
What is the ten thousands digit of 970062?
7
What is the millions digit of 4476441?
4
What is the ten thousands digit of 898921?
9
What is the tens digit of 497515?
1
What is the hundred thousands digit of 2876099?
8
What is the ten thousands digit of 571133?
7
What is the thousands digit of 54982?
4
What is the ten thousands digit of 342423?
4
What is the thousands digit of 250170?
0
What is the hundred thousands digit of 955204?
9
What is the thousands digit of 1536077?
6
What is the tens digit of 2705703?
0
What is the hundred thousands digit of 1886307?
8
What is the tens digit of 7430278?
7
What is the ten thousands digit of 577754?
7
What is the thousands digit of 7126?
7
What is the thousands digit of 48031?
8
What is the ten millions digit of 11082736?
1
What is the units digit of 13347?
7
What is the hundreds digit of 19575?
5
What is the units digit of 101889?
9
What is the units digit of 414968?
8
What is the hundred thousands digit of 11615129?
6
What is the ten thousands digit of 289141?
8
What is the millions digit of 5081692?
5
What is the ten thousands digit of 634595?
3
What is the ten thousands digit of 1354480?
5
What is the tens digit of 2750079?
7
What is the hundreds digit of 4198778?
7
What is the thousands digit of 314563?
4
What is the hundreds digit of 46098?
0
What is the thousands digit of 685383?
5
What is the hundred thousands digit of 104671?
1
What is the hundred thousands digit of 4205910?
2
What is the hundred thousands digit of 1746685?
7
What is the units digit of 10663160?
0
What is the units digit of 252165?
5
What is the thousands digit of 328265?
8
What is the ten millions digit of 28627382?
2
What is the units digit of 813970?
0
What is the hundreds digit of 10318642?
6
What is the hundred thousands digit of 3350220?
3
What is the units digit of 701213?
3
What is the tens digit of 128317?
1
What is the hundreds digit of 8095738?
7
What is the ten thousands digit of 101000?
0
What is the thousands digit of 13747896?
7
What is the tens digit of 10611353?
5
What is the ten thousands digit of 56683?
5
What is the hundred thousands digit of 195439?
1
What is the hundred thousands digit of 277227?
2
What is the millions digit of 8061531?
8
What is the hundred thousands digit of 39072938?
0
What is the hundred thousands digit of 399070?
3
What is the thousands digit of 8253095?
3
What is the thousands digit of 112990?
2
What is the thousands digit of 2433006?
3
What is the thousands digit of 3505143?
5
What is the hundred thousands digit of 111480?
1
What is the ten thousands digit of 5084195?
8
What is the thousands digit of 274104?
4
What 